{"id":661,"date":"2021-10-15T16:35:49","date_gmt":"2021-10-15T16:35:49","guid":{"rendered":"http:\/\/arquitectura101.com\/?page_id=661"},"modified":"2023-08-30T14:29:33","modified_gmt":"2023-08-30T14:29:33","slug":"nuestro-equipo","status":"publish","type":"page","link":"http:\/\/arquitectura101.com\/index.php\/nuestro-equipo\/","title":{"rendered":"NUESTRO EQUIPO"},"content":{"rendered":"<p>[et_pb_section fb_built=&#8221;1&#8243; _builder_version=&#8221;4.7.6&#8243; _module_preset=&#8221;default&#8221; background_enable_image=&#8221;off&#8221; parallax=&#8221;on&#8221; parallax_method=&#8221;off&#8221; background_video_mp4=&#8221;http:\/\/arquitectura101.com\/wp-content\/uploads\/2022\/08\/video-4.mp4&#8243; custom_padding=&#8221;30px||308px|||&#8221; background__hover_enabled=&#8221;on|hover&#8221; title_text__hover=&#8221;on&#8221; background_image__hover=&#8221;http:\/\/arquitectura101.com\/wp-content\/uploads\/2022\/01\/on.jpg&#8221; background_enable_image__hover=&#8221;on&#8221;][et_pb_row column_structure=&#8221;2_5,3_5&#8243; _builder_version=&#8221;4.7.6&#8243; _module_preset=&#8221;default&#8221; background_enable_color=&#8221;off&#8221; background_enable_image=&#8221;off&#8221;][et_pb_column type=&#8221;2_5&#8243; _builder_version=&#8221;4.7.6&#8243; _module_preset=&#8221;default&#8221; background_color=&#8221;rgba(255,255,255,0.84)&#8221; border_width_all=&#8221;3px&#8221;][et_pb_text _builder_version=&#8221;4.7.6&#8243; _module_preset=&#8221;default&#8221; custom_margin=&#8221;30px|30px|30px|30px|false|false&#8221;]<\/p>\n<p><span color=\"#000000\" size=\"4\" style=\"color: #000000; font-size: large;\">Nos gusta creer que podemos dar m\u00e1s del <strong>100<\/strong>% por eso en nuestro equipo se encuentran los mejores en cada especialidad, aquellos que dan su <strong>101<\/strong>% en cada proyecto. <\/span><\/p>\n<p><span color=\"#000000\" size=\"4\" style=\"color: #000000; font-size: large;\">\u00a1Te invitamos a que conozcas al equipo <strong>ARQUITECTURA 101<\/strong>!<\/span><\/p>\n<p>[\/et_pb_text][\/et_pb_column][et_pb_column type=&#8221;3_5&#8243; _builder_version=&#8221;4.7.6&#8243; _module_preset=&#8221;default&#8221;][\/et_pb_column][\/et_pb_row][et_pb_row _builder_version=&#8221;4.7.6&#8243; _module_preset=&#8221;default&#8221; custom_padding=&#8221;107px|||||&#8221;][et_pb_column type=&#8221;4_4&#8243; _builder_version=&#8221;4.7.6&#8243; _module_preset=&#8221;default&#8221;][et_pb_image src=&#8221;http:\/\/arquitectura101.com\/wp-content\/uploads\/2021\/11\/flechas.svg&#8221; title_text=&#8221;flechas&#8221; url=&#8221;#perfiles&#8221; align=&#8221;center&#8221; _builder_version=&#8221;4.7.6&#8243; _module_preset=&#8221;default&#8221; width=&#8221;13%&#8221; filter_brightness=&#8221;152%&#8221; filter_contrast=&#8221;55%&#8221; animation_style=&#8221;slide&#8221; animation_direction=&#8221;top&#8221;][\/et_pb_image][\/et_pb_column][\/et_pb_row][\/et_pb_section][et_pb_section fb_built=&#8221;1&#8243; _builder_version=&#8221;4.7.6&#8243; _module_preset=&#8221;default&#8221;][et_pb_row column_structure=&#8221;1_3,2_3&#8243; disabled_on=&#8221;on|on|on&#8221; _builder_version=&#8221;4.7.6&#8243; _module_preset=&#8221;default&#8221; custom_padding=&#8221;|||146px||&#8221; disabled=&#8221;on&#8221;][et_pb_column type=&#8221;1_3&#8243; _builder_version=&#8221;4.7.6&#8243; _module_preset=&#8221;default&#8221;][et_pb_image src=&#8221;http:\/\/arquitectura101.com\/wp-content\/uploads\/2021\/11\/Milena.jpg&#8221; title_text=&#8221;Milena2&#8243; align=&#8221;center&#8221; _builder_version=&#8221;4.7.6&#8243; _module_preset=&#8221;default&#8221; width=&#8221;75.1%&#8221; custom_margin=&#8221;||-1px|||&#8221; filter_saturate=&#8221;77%&#8221; filter_brightness=&#8221;99%&#8221; filter_contrast=&#8221;108%&#8221; src__hover_enabled=&#8221;on|desktop&#8221; src__hover=&#8221;http:\/\/arquitectura101.com\/wp-content\/uploads\/2021\/11\/Milena2.jpg&#8221;][\/et_pb_image][\/et_pb_column][et_pb_column type=&#8221;2_3&#8243; _builder_version=&#8221;4.7.6&#8243; _module_preset=&#8221;default&#8221;][et_pb_text _builder_version=&#8221;4.7.6&#8243; _module_preset=&#8221;default&#8221;]<\/p>\n<p><span style=\"font-size: 32px;\"><b>Ana Milena Aldana<\/b><\/span><\/p>\n<p><span style=\"font-size: x-large; color: #969696;\">Encargada del estudio de norma y edificabilidad de cada uno de los predios a considerar, esto incluye la proyecci\u00f3n de construcci\u00f3n tanto en \u00e1rea construida como en \u00e1rea vendible y dem\u00e1s disposiciones urban\u00edsticas, posibles usos permitidos y dem\u00e1s consideraciones que implique la norma urban\u00edstica.<\/span><\/p>\n<p><span style=\"font-size: x-large;\"><\/span><\/p>\n<p><span style=\"font-size: x-large;\">arquitectaurbanista@arquitectura101.com<br \/> <\/span><\/p>\n<p><span style=\"font-size: x-large;\"><\/span><\/p>\n<p>[\/et_pb_text][et_pb_divider divider_weight=&#8221;21px&#8221; _builder_version=&#8221;4.7.6&#8243; _module_preset=&#8221;default&#8221; background_color=&#8221;#000000&#8243;][\/et_pb_divider][\/et_pb_column][\/et_pb_row][et_pb_row column_structure=&#8221;1_3,2_3&#8243; disabled_on=&#8221;on|on|on&#8221; module_id=&#8221;perfiles&#8221; _builder_version=&#8221;4.7.6&#8243; _module_preset=&#8221;default&#8221; custom_padding=&#8221;|||146px||&#8221; disabled=&#8221;on&#8221;][et_pb_column type=&#8221;1_3&#8243; _builder_version=&#8221;4.7.6&#8243; _module_preset=&#8221;default&#8221;][et_pb_image src=&#8221;http:\/\/arquitectura101.com\/wp-content\/uploads\/2021\/11\/Santiago-scaled.jpg&#8221; title_text=&#8221;Santiago2&#8243; align=&#8221;center&#8221; _builder_version=&#8221;4.7.6&#8243; _module_preset=&#8221;default&#8221; width=&#8221;75.1%&#8221; custom_margin=&#8221;||-1px|||&#8221; filter_saturate=&#8221;74%&#8221; filter_brightness=&#8221;109%&#8221; filter_contrast=&#8221;109%&#8221; src__hover_enabled=&#8221;on|hover&#8221; src__hover=&#8221;http:\/\/arquitectura101.com\/wp-content\/uploads\/2021\/11\/Santiago2-scaled.jpg&#8221;][\/et_pb_image][\/et_pb_column][et_pb_column type=&#8221;2_3&#8243; _builder_version=&#8221;4.7.6&#8243; _module_preset=&#8221;default&#8221;][et_pb_text _builder_version=&#8221;4.7.6&#8243; _module_preset=&#8221;default&#8221;]<\/p>\n<p><span style=\"font-size: 32px;\"><b>Jorge Villamil<\/b><\/span><\/p>\n<p><span style=\"font-size: x-large; color: #969696;\">Residente de acabados encargado de coordinar los procesos para implementar materiales y especificaciones seg\u00fan los dise\u00f1os, controlando la calidad de estas terminaciones, bas\u00e1ndose en los dise\u00f1os arquitect\u00f3nicos de nuestro departamento.<\/span><\/p>\n<p><span style=\"font-size: x-large;\"><\/span><\/p>\n<p><span style=\"font-size: x-large;\">residentedeobra@arquitectura101.com<br \/> <\/span><\/p>\n<p><span style=\"font-size: x-large;\"><\/span><\/p>\n<p>[\/et_pb_text][et_pb_divider divider_weight=&#8221;21px&#8221; _builder_version=&#8221;4.7.6&#8243; _module_preset=&#8221;default&#8221; background_color=&#8221;#000000&#8243;][\/et_pb_divider][\/et_pb_column][\/et_pb_row][et_pb_row column_structure=&#8221;1_3,2_3&#8243; _builder_version=&#8221;4.7.6&#8243; _module_preset=&#8221;default&#8221; custom_padding=&#8221;|||146px||&#8221;][et_pb_column type=&#8221;1_3&#8243; _builder_version=&#8221;4.7.6&#8243; _module_preset=&#8221;default&#8221;][et_pb_image src=&#8221;http:\/\/arquitectura101.com\/wp-content\/uploads\/2022\/08\/GINETH.jpg&#8221; title_text=&#8221;GINETH-BN&#8221; align=&#8221;center&#8221; _builder_version=&#8221;4.7.6&#8243; _module_preset=&#8221;default&#8221; width=&#8221;75.1%&#8221; custom_margin=&#8221;||-1px|||&#8221; filter_saturate=&#8221;71%&#8221; filter_brightness=&#8221;119%&#8221; filter_contrast=&#8221;97%&#8221; src__hover_enabled=&#8221;on|hover&#8221; src__hover=&#8221;http:\/\/arquitectura101.com\/wp-content\/uploads\/2022\/08\/GINETH-BN.jpg&#8221;][\/et_pb_image][\/et_pb_column][et_pb_column type=&#8221;2_3&#8243; _builder_version=&#8221;4.7.6&#8243; _module_preset=&#8221;default&#8221;][et_pb_text _builder_version=&#8221;4.7.6&#8243; _module_preset=&#8221;default&#8221;]<\/p>\n<p><span style=\"font-size: 32px;\"><b><span style=\"color: #303030;\">Yineth Veloza M\u00e9ndez<\/span><\/b><\/span><\/p>\n<p style=\"text-align: justify;\"><span style=\"font-size: x-large; color: #303030;\">Marketing de relacionamiento con el cliente<\/span><\/p>\n<p style=\"text-align: justify;\"><span style=\"font-size: x-large; color: #969696;\"><span style=\"color: #303030;\">Encargada de dar tr\u00e1mite a los requerimientos administrativos de nuestros clientes, a trav\u00e9s de los canales de atenci\u00f3n, resolver solicitudes, inquietudes y mantener informados a todos los clientes, gestiona los procesos de reparaciones locativas, y solicitudes relacionadas con los contratos de arrendamiento. Brinda apoyo a los nuevos proyectos en la relaci\u00f3n con los proveedores y seguimiento a los diferentes procesos de compra.<\/span><\/span><\/p>\n<p><span style=\"font-size: x-large;\"><\/span><\/p>\n<p><span style=\"font-size: x-large;\">contacto@arquitectura101.com<br \/> <\/span><\/p>\n<p><span style=\"font-size: x-large;\"><\/span><\/p>\n<p>[\/et_pb_text][et_pb_divider divider_weight=&#8221;21px&#8221; _builder_version=&#8221;4.7.6&#8243; _module_preset=&#8221;default&#8221; background_color=&#8221;#000000&#8243;][\/et_pb_divider][\/et_pb_column][\/et_pb_row][et_pb_row column_structure=&#8221;1_3,2_3&#8243; _builder_version=&#8221;4.7.6&#8243; _module_preset=&#8221;default&#8221; custom_padding=&#8221;|||146px||&#8221;][et_pb_column type=&#8221;1_3&#8243; _builder_version=&#8221;4.7.6&#8243; _module_preset=&#8221;default&#8221;][et_pb_image src=&#8221;http:\/\/arquitectura101.com\/wp-content\/uploads\/2023\/03\/KATHERIN-COLOR.jpg&#8221; title_text=&#8221;KATHERIN BN&#8221; align=&#8221;center&#8221; _builder_version=&#8221;4.7.6&#8243; _module_preset=&#8221;default&#8221; width=&#8221;75.1%&#8221; custom_margin=&#8221;||-1px|||&#8221; filter_saturate=&#8221;71%&#8221; filter_brightness=&#8221;119%&#8221; filter_contrast=&#8221;97%&#8221; src__hover_enabled=&#8221;on|hover&#8221; src__hover=&#8221;http:\/\/arquitectura101.com\/wp-content\/uploads\/2023\/03\/KATHERIN-BN.jpg&#8221;][\/et_pb_image][\/et_pb_column][et_pb_column type=&#8221;2_3&#8243; _builder_version=&#8221;4.7.6&#8243; _module_preset=&#8221;default&#8221;][et_pb_text _builder_version=&#8221;4.7.6&#8243; _module_preset=&#8221;default&#8221;]<\/p>\n<p><span style=\"text-align: justify; font-size: 32px; color: rgba(255, 255, 255, 0);\"><b><span style=\"color: #ffffff;\"><\/span><span style=\"color: #303030;\">Katherin Aguilera\u00a0<\/span><\/b><\/span><\/p>\n<p><span style=\"font-size: x-large; text-align: justify; color: #303030;\">Sistema de Gesti\u00f3n<\/span><\/p>\n<p style=\"text-align: justify;\"><span style=\"font-size: x-large; color: #303030;\">Profesional en Seguridad y Salud en el trabajo encargada de la estructuraci\u00f3n de procesos y procedimientos del grupo empresarial, bajo el marco de la planeaci\u00f3n estrat\u00e9gica, reglamentaci\u00f3n en Seguridad y salud en el trabajo y requisitos medio ambientales.<\/span><\/p>\n<p><span style=\"font-size: x-large; color: #303030;\"><\/span><\/p>\n<p><span style=\"font-size: x-large;\"><span style=\"color: #303030;\">sistemadegestion@unosesentaiuno.com<\/span><br \/> <\/span><\/p>\n<p><span style=\"font-size: x-large;\"><\/span><\/p>\n<p>[\/et_pb_text][et_pb_divider divider_weight=&#8221;21px&#8221; _builder_version=&#8221;4.7.6&#8243; _module_preset=&#8221;default&#8221; background_color=&#8221;#000000&#8243;][\/et_pb_divider][\/et_pb_column][\/et_pb_row][\/et_pb_section]<\/p>\n","protected":false},"excerpt":{"rendered":"<p>[et_pb_section fb_built=&#8221;1&#8243; _builder_version=&#8221;4.7.6&#8243; _module_preset=&#8221;default&#8221; background_enable_image=&#8221;off&#8221; parallax=&#8221;on&#8221; parallax_method=&#8221;off&#8221; background_video_mp4=&#8221;http:\/\/arquitectura101.com\/wp-content\/uploads\/2022\/08\/video-4.mp4&#8243; custom_padding=&#8221;30px||308px|||&#8221; background__hover_enabled=&#8221;on|hover&#8221; title_text__hover=&#8221;on&#8221; background_image__hover=&#8221;http:\/\/arquitectura101.com\/wp-content\/uploads\/2022\/01\/on.jpg&#8221; background_enable_image__hover=&#8221;on&#8221;][et_pb_row column_structure=&#8221;2_5,3_5&#8243; _builder_version=&#8221;4.7.6&#8243; _module_preset=&#8221;default&#8221; background_enable_color=&#8221;off&#8221; background_enable_image=&#8221;off&#8221;][et_pb_column type=&#8221;2_5&#8243; _builder_version=&#8221;4.7.6&#8243; _module_preset=&#8221;default&#8221; background_color=&#8221;rgba(255,255,255,0.84)&#8221; border_width_all=&#8221;3px&#8221;][et_pb_text _builder_version=&#8221;4.7.6&#8243; _module_preset=&#8221;default&#8221; custom_margin=&#8221;30px|30px|30px|30px|false|false&#8221;] Nos gusta creer que podemos dar m\u00e1s del 100% por eso en nuestro equipo se encuentran los mejores en cada especialidad, aquellos que dan su 101% en cada proyecto. [&hellip;]<\/p>\n","protected":false},"author":1,"featured_media":0,"parent":0,"menu_order":0,"comment_status":"closed","ping_status":"closed","template":"","meta":{"_et_pb_use_builder":"on","_et_pb_old_content":"","_et_gb_content_width":"","footnotes":""},"class_list":["post-661","page","type-page","status-publish","hentry"],"_links":{"self":[{"href":"http:\/\/arquitectura101.com\/index.php\/wp-json\/wp\/v2\/pages\/661","targetHints":{"allow":["GET"]}}],"collection":[{"href":"http:\/\/arquitectura101.com\/index.php\/wp-json\/wp\/v2\/pages"}],"about":[{"href":"http:\/\/arquitectura101.com\/index.php\/wp-json\/wp\/v2\/types\/page"}],"author":[{"embeddable":true,"href":"http:\/\/arquitectura101.com\/index.php\/wp-json\/wp\/v2\/users\/1"}],"replies":[{"embeddable":true,"href":"http:\/\/arquitectura101.com\/index.php\/wp-json\/wp\/v2\/comments?post=661"}],"version-history":[{"count":61,"href":"http:\/\/arquitectura101.com\/index.php\/wp-json\/wp\/v2\/pages\/661\/revisions"}],"predecessor-version":[{"id":1727,"href":"http:\/\/arquitectura101.com\/index.php\/wp-json\/wp\/v2\/pages\/661\/revisions\/1727"}],"wp:attachment":[{"href":"http:\/\/arquitectura101.com\/index.php\/wp-json\/wp\/v2\/media?parent=661"}],"curies":[{"name":"wp","href":"https:\/\/api.w.org\/{rel}","templated":true}]}}

<p>[et_pb_section fb_built=&#8221;1&#8243; _builder_version=&#8221;4.7.6&#8243; _module_preset=&#8221;default&#8221; background_enable_image=&#8221;off&#8221; parallax=&#8221;on&#8221; parallax_method=&#8221;off&#8221; background_video_mp4=&#8221;http://arquitectura101.com/wp-content/uploads/2022/08/video-4.mp4&#8243; custom_padding=&#8221;30px||308px|||&#8221; background__hover_enabled=&#8221;on|hover&#8221; title_text__hover=&#8221;on&#8221; background_image__hover=&#8221;http://arquitectura101.com/wp-content/uploads/2022/01/on.jpg&#8221; background_enable_image__hover=&#8221;on&#8221;][et_pb_row column_structure=&#8221;2_5,3_5&#8243; _builder_version=&#8221;4.7.6&#8243; _module_preset=&#8221;default&#8221; background_enable_color=&#8221;off&#8221; background_enable_image=&#8221;off&#8221;][et_pb_column type=&#8221;2_5&#8243; _builder_version=&#8221;4.7.6&#8243; _module_preset=&#8221;default&#8221; background_color=&#8221;rgba(255,255,255,0.84)&#8221; border_width_all=&#8221;3px&#8221;][et_pb_text _builder_version=&#8221;4.7.6&#8243; _module_preset=&#8221;default&#8221; custom_margin=&#8221;30px|30px|30px|30px|false|false&#8221;]</p>
<p><span color="#000000" size="4" style="color: #000000; font-size: large;">Nos gusta creer que podemos dar más del <strong>100</strong>% por eso en nuestro equipo se encuentran los mejores en cada especialidad, aquellos que dan su <strong>101</strong>% en cada proyecto. </span></p>
<p><span color="#000000" size="4" style="color: #000000; font-size: large;">¡Te invitamos a que conozcas al equipo <strong>ARQUITECTURA 101</strong>!</span></p>
<p>[/et_pb_text][/et_pb_column][et_pb_column type=&#8221;3_5&#8243; _builder_version=&#8221;4.7.6&#8243; _module_preset=&#8221;default&#8221;][/et_pb_column][/et_pb_row][et_pb_row _builder_version=&#8221;4.7.6&#8243; _module_preset=&#8221;default&#8221; custom_padding=&#8221;107px|||||&#8221;][et_pb_column type=&#8221;4_4&#8243; _builder_version=&#8221;4.7.6&#8243; _module_preset=&#8221;default&#8221;][et_pb_image src=&#8221;http://arquitectura101.com/wp-content/uploads/2021/11/flechas.svg&#8221; title_text=&#8221;flechas&#8221; url=&#8221;#perfiles&#8221; align=&#8221;center&#8221; _builder_version=&#8221;4.7.6&#8243; _module_preset=&#8221;default&#8221; width=&#8221;13%&#8221; filter_brightness=&#8221;152%&#8221; filter_contrast=&#8221;55%&#8221; animation_style=&#8221;slide&#8221; animation_direction=&#8221;top&#8221;][/et_pb_image][/et_pb_column][/et_pb_row][/et_pb_section][et_pb_section fb_built=&#8221;1&#8243; _builder_version=&#8221;4.7.6&#8243; _module_preset=&#8221;default&#8221;][et_pb_row column_structure=&#8221;1_3,2_3&#8243; disabled_on=&#8221;on|on|on&#8221; _builder_version=&#8221;4.7.6&#8243; _module_preset=&#8221;default&#8221; custom_padding=&#8221;|||146px||&#8221; disabled=&#8221;on&#8221;][et_pb_column type=&#8221;1_3&#8243; _builder_version=&#8221;4.7.6&#8243; _module_preset=&#8221;default&#8221;][et_pb_image src=&#8221;http://arquitectura101.com/wp-content/uploads/2021/11/Milena.jpg&#8221; title_text=&#8221;Milena2&#8243; align=&#8221;center&#8221; _builder_version=&#8221;4.7.6&#8243; _module_preset=&#8221;default&#8221; width=&#8221;75.1%&#8221; custom_margin=&#8221;||-1px|||&#8221; filter_saturate=&#8221;77%&#8221; filter_brightness=&#8221;99%&#8221; filter_contrast=&#8221;108%&#8221; src__hover_enabled=&#8221;on|desktop&#8221; src__hover=&#8221;http://arquitectura101.com/wp-content/uploads/2021/11/Milena2.jpg&#8221;][/et_pb_image][/et_pb_column][et_pb_column type=&#8221;2_3&#8243; _builder_version=&#8221;4.7.6&#8243; _module_preset=&#8221;default&#8221;][et_pb_text _builder_version=&#8221;4.7.6&#8243; _module_preset=&#8221;default&#8221;]</p>
<p><span style="font-size: 32px;"><b>Ana Milena Aldana</b></span></p>
<p><span style="font-size: x-large; color: #969696;">Encargada del estudio de norma y edificabilidad de cada uno de los predios a considerar, esto incluye la proyección de construcción tanto en área construida como en área vendible y demás disposiciones urbanísticas, posibles usos permitidos y demás consideraciones que implique la norma urbanística.</span></p>
<p><span style="font-size: x-large;"></span></p>
<p><span style="font-size: x-large;">arquitectaurbanista@arquitectura101.com<br /> </span></p>
<p><span style="font-size: x-large;"></span></p>
<p>[/et_pb_text][et_pb_divider divider_weight=&#8221;21px&#8221; _builder_version=&#8221;4.7.6&#8243; _module_preset=&#8221;default&#8221; background_color=&#8221;#000000&#8243;][/et_pb_divider][/et_pb_column][/et_pb_row][et_pb_row column_structure=&#8221;1_3,2_3&#8243; disabled_on=&#8221;on|on|on&#8221; module_id=&#8221;perfiles&#8221; _builder_version=&#8221;4.7.6&#8243; _module_preset=&#8221;default&#8221; custom_padding=&#8221;|||146px||&#8221; disabled=&#8221;on&#8221;][et_pb_column type=&#8221;1_3&#8243; _builder_version=&#8221;4.7.6&#8243; _module_preset=&#8221;default&#8221;][et_pb_image src=&#8221;http://arquitectura101.com/wp-content/uploads/2021/11/Santiago-scaled.jpg&#8221; title_text=&#8221;Santiago2&#8243; align=&#8221;center&#8221; _builder_version=&#8221;4.7.6&#8243; _module_preset=&#8221;default&#8221; width=&#8221;75.1%&#8221; custom_margin=&#8221;||-1px|||&#8221; filter_saturate=&#8221;74%&#8221; filter_brightness=&#8221;109%&#8221; filter_contrast=&#8221;109%&#8221; src__hover_enabled=&#8221;on|hover&#8221; src__hover=&#8221;http://arquitectura101.com/wp-content/uploads/2021/11/Santiago2-scaled.jpg&#8221;][/et_pb_image][/et_pb_column][et_pb_column type=&#8221;2_3&#8243; _builder_version=&#8221;4.7.6&#8243; _module_preset=&#8221;default&#8221;][et_pb_text _builder_version=&#8221;4.7.6&#8243; _module_preset=&#8221;default&#8221;]</p>
<p><span style="font-size: 32px;"><b>Jorge Villamil</b></span></p>
<p><span style="font-size: x-large; color: #969696;">Residente de acabados encargado de coordinar los procesos para implementar materiales y especificaciones según los diseños, controlando la calidad de estas terminaciones, basándose en los diseños arquitectónicos de nuestro departamento.</span></p>
<p><span style="font-size: x-large;"></span></p>
<p><span style="font-size: x-large;">residentedeobra@arquitectura101.com<br /> </span></p>
<p><span style="font-size: x-large;"></span></p>
<p>[/et_pb_text][et_pb_divider divider_weight=&#8221;21px&#8221; _builder_version=&#8221;4.7.6&#8243; _module_preset=&#8221;default&#8221; background_color=&#8221;#000000&#8243;][/et_pb_divider][/et_pb_column][/et_pb_row][et_pb_row column_structure=&#8221;1_3,2_3&#8243; _builder_version=&#8221;4.7.6&#8243; _module_preset=&#8221;default&#8221; custom_padding=&#8221;|||146px||&#8221;][et_pb_column type=&#8221;1_3&#8243; _builder_version=&#8221;4.7.6&#8243; _module_preset=&#8221;default&#8221;][et_pb_image src=&#8221;http://arquitectura101.com/wp-content/uploads/2022/08/GINETH.jpg&#8221; title_text=&#8221;GINETH-BN&#8221; align=&#8221;center&#8221; _builder_version=&#8221;4.7.6&#8243; _module_preset=&#8221;default&#8221; width=&#8221;75.1%&#8221; custom_margin=&#8221;||-1px|||&#8221; filter_saturate=&#8221;71%&#8221; filter_brightness=&#8221;119%&#8221; filter_contrast=&#8221;97%&#8221; src__hover_enabled=&#8221;on|hover&#8221; src__hover=&#8221;http://arquitectura101.com/wp-content/uploads/2022/08/GINETH-BN.jpg&#8221;][/et_pb_image][/et_pb_column][et_pb_column type=&#8221;2_3&#8243; _builder_version=&#8221;4.7.6&#8243; _module_preset=&#8221;default&#8221;][et_pb_text _builder_version=&#8221;4.7.6&#8243; _module_preset=&#8221;default&#8221;]</p>
<p><span style="font-size: 32px;"><b><span style="color: #303030;">Yineth Veloza Méndez</span></b></span></p>
<p style="text-align: justify;"><span style="font-size: x-large; color: #303030;">Marketing de relacionamiento con el cliente</span></p>
<p style="text-align: justify;"><span style="font-size: x-large; color: #969696;"><span style="color: #303030;">Encargada de dar trámite a los requerimientos administrativos de nuestros clientes, a través de los canales de atención, resolver solicitudes, inquietudes y mantener informados a todos los clientes, gestiona los procesos de reparaciones locativas, y solicitudes relacionadas con los contratos de arrendamiento. Brinda apoyo a los nuevos proyectos en la relación con los proveedores y seguimiento a los diferentes procesos de compra.</span></span></p>
<p><span style="font-size: x-large;"></span></p>
<p><span style="font-size: x-large;">contacto@arquitectura101.com<br /> </span></p>
<p><span style="font-size: x-large;"></span></p>
<p>[/et_pb_text][et_pb_divider divider_weight=&#8221;21px&#8221; _builder_version=&#8221;4.7.6&#8243; _module_preset=&#8221;default&#8221; background_color=&#8221;#000000&#8243;][/et_pb_divider][/et_pb_column][/et_pb_row][et_pb_row column_structure=&#8221;1_3,2_3&#8243; _builder_version=&#8221;4.7.6&#8243; _module_preset=&#8221;default&#8221; custom_padding=&#8221;|||146px||&#8221;][et_pb_column type=&#8221;1_3&#8243; _builder_version=&#8221;4.7.6&#8243; _module_preset=&#8221;default&#8221;][et_pb_image src=&#8221;http://arquitectura101.com/wp-content/uploads/2023/03/KATHERIN-COLOR.jpg&#8221; title_text=&#8221;KATHERIN BN&#8221; align=&#8221;center&#8221; _builder_version=&#8221;4.7.6&#8243; _module_preset=&#8221;default&#8221; width=&#8221;75.1%&#8221; custom_margin=&#8221;||-1px|||&#8221; filter_saturate=&#8221;71%&#8221; filter_brightness=&#8221;119%&#8221; filter_contrast=&#8221;97%&#8221; src__hover_enabled=&#8221;on|hover&#8221; src__hover=&#8221;http://arquitectura101.com/wp-content/uploads/2023/03/KATHERIN-BN.jpg&#8221;][/et_pb_image][/et_pb_column][et_pb_column type=&#8221;2_3&#8243; _builder_version=&#8221;4.7.6&#8243; _module_preset=&#8221;default&#8221;][et_pb_text _builder_version=&#8221;4.7.6&#8243; _module_preset=&#8221;default&#8221;]</p>
<p><span style="text-align: justify; font-size: 32px; color: rgba(255, 255, 255, 0);"><b><span style="color: #ffffff;"></span><span style="color: #303030;">Katherin Aguilera </span></b></span></p>
<p><span style="font-size: x-large; text-align: justify; color: #303030;">Sistema de Gestión</span></p>
<p style="text-align: justify;"><span style="font-size: x-large; color: #303030;">Profesional en Seguridad y Salud en el trabajo encargada de la estructuración de procesos y procedimientos del grupo empresarial, bajo el marco de la planeación estratégica, reglamentación en Seguridad y salud en el trabajo y requisitos medio ambientales.</span></p>
<p><span style="font-size: x-large; color: #303030;"></span></p>
<p><span style="font-size: x-large;"><span style="color: #303030;">sistemadegestion@unosesentaiuno.com</span><br /> </span></p>
<p><span style="font-size: x-large;"></span></p>
<p>[/et_pb_text][et_pb_divider divider_weight=&#8221;21px&#8221; _builder_version=&#8221;4.7.6&#8243; _module_preset=&#8221;default&#8221; background_color=&#8221;#000000&#8243;][/et_pb_divider][/et_pb_column][/et_pb_row][/et_pb_section]</p>

<p>[et_pb_section fb_built=&#8221;1&#8243; _builder_version=&#8221;4.7.6&#8243; _module_preset=&#8221;default&#8221; background_enable_image=&#8221;off&#8221; parallax=&#8221;on&#8221; parallax_method=&#8221;off&#8221; background_video_mp4=&#8221;http://arquitectura101.com/wp-content/uploads/2022/08/video-4.mp4&#8243; custom_padding=&#8221;30px||308px|||&#8221; background__hover_enabled=&#8221;on|hover&#8221; title_text__hover=&#8221;on&#8221; background_image__hover=&#8221;http://arquitectura101.com/wp-content/uploads/2022/01/on.jpg&#8221; background_enable_image__hover=&#8221;on&#8221;][et_pb_row column_structure=&#8221;2_5,3_5&#8243; _builder_version=&#8221;4.7.6&#8243; _module_preset=&#8221;default&#8221; background_enable_color=&#8221;off&#8221; background_enable_image=&#8221;off&#8221;][et_pb_column type=&#8221;2_5&#8243; _builder_version=&#8221;4.7.6&#8243; _module_preset=&#8221;default&#8221; background_color=&#8221;rgba(255,255,255,0.84)&#8221; border_width_all=&#8221;3px&#8221;][et_pb_text _builder_version=&#8221;4.7.6&#8243; _module_preset=&#8221;default&#8221; custom_margin=&#8221;30px|30px|30px|30px|false|false&#8221;] Nos gusta creer que podemos dar más del 100% por eso en nuestro equipo se encuentran los mejores en cada especialidad, aquellos que dan su 101% en cada proyecto. [&hellip;]</p>
